{"id":147,"date":"2016-10-06T17:58:19","date_gmt":"2016-10-06T15:58:19","guid":{"rendered":"http:\/\/cefanamur.be\/site\/?page_id=147"},"modified":"2026-03-30T11:07:34","modified_gmt":"2026-03-30T09:07:34","slug":"contact","status":"publish","type":"page","link":"https:\/\/cefanamur.be\/site\/","title":{"rendered":""},"content":{"rendered":"<p style=\"text-align: center;\"><em><span style=\"font-size: 24pt;\">Centre d\u2019Education et de<br \/>\n<\/span><span style=\"font-size: 24pt; color: #008000;\">Formation en Alternance<br \/>\n<\/span><span style=\"font-size: 24pt;\">de Namur<\/span><\/em><\/p>\n<div class=\"roksprocket-shortcode\"><div class=\"sprocket-strips-s\" data-strips=\"1\">\n\t<div class=\"sprocket-strips-s-overlay\"><div class=\"css-loader-wrapper\"><div class=\"css-loader\"><\/div><\/div><\/div>\n\t<ul class=\"sprocket-strips-s-container cols-2\" data-strips-items>\n\t\t<li class=\"sprocket-strips-s-block\" data-strips-item>\n\t<div class=\"sprocket-strips-s-item\" data-strips-content>\n\t\t\t\t\t<img src=\"https:\/\/cefanamur.be\/site\/wp-content\/plugins\/wp_roksprocket\/cache\/6873cd303fa8cd7399e877f827ee9eba_100_0.jpg\" alt=\"Rentr\u00e9e 25-26\" \/>\n\t\t\t\t<div class=\"sprocket-strips-s-content\">\n\t\t\t\t\t\t<h4 class=\"sprocket-strips-s-title\" data-strips-toggler>\n\t\t\t\t<a href=\"https:\/\/cefanamur.be\/site\/index.php\/2022\/06\/21\/rentree-2021-2022\/\">\t\t\t\t\tRentr\u00e9e 25-26\t\t\t\t<\/a>\t\t\t<\/h4>\n\t\t\t\t\t\t\t\t\t\t<span class=\"sprocket-strips-s-text\">\n\t\t\t\t\t&nbsp; &nbsp; RENTREE DES NOUVEAUX ELEVES (article 45 et article 49) Le mercredi 27-08 \u00e0 09H05 dans la cour du CEFA. RENTREE DES ANCIENS ELEVES (article<span class=\"roksprocket-ellipsis\">\u2026<\/span>\t\t\t\t<\/span>\n\t\t\t\t\t\t\t\t\t<a href=\"https:\/\/cefanamur.be\/site\/index.php\/2022\/06\/21\/rentree-2021-2022\/\" class=\"readon\"><span>Voir la page<\/span><\/a>\n\t\t\t\t\t<\/div>\n\t<\/div>\n<\/li>\n<li class=\"sprocket-strips-s-block\" data-strips-item>\n\t<div class=\"sprocket-strips-s-item\" data-strips-content>\n\t\t\t\t\t<img src=\"https:\/\/cefanamur.be\/site\/wp-content\/plugins\/wp_roksprocket\/cache\/1a6ce3e894176b4034be932ddc98025a_100_0.jpg\" alt=\"Frais d'inscription au CEFA\" \/>\n\t\t\t\t<div class=\"sprocket-strips-s-content\">\n\t\t\t\t\t\t<h4 class=\"sprocket-strips-s-title\" data-strips-toggler>\n\t\t\t\t<a href=\"https:\/\/cefanamur.be\/site\/index.php\/2022\/05\/12\/frais-dinscription-au-cefa\/\">\t\t\t\t\tFrais d'inscription au CEFA\t\t\t\t<\/a>\t\t\t<\/h4>\n\t\t\t\t\t\t\t\t\t\t<span class=\"sprocket-strips-s-text\">\n\t\t\t\t\tPour l\u2019ann\u00e9e, les frais scolaires s\u2019\u00e9l\u00e8vent \u00e0 50 euros. Ce montant forfaitaire reprend : Les frais de photocopies diverses relatives \u00e0 l\u2019\u00e9l\u00e8ve (cours-suivi accompagnement), les droits d\u2019auteur.<span class=\"roksprocket-ellipsis\">\u2026<\/span>\t\t\t\t<\/span>\n\t\t\t\t\t\t\t\t\t<a href=\"https:\/\/cefanamur.be\/site\/index.php\/2022\/05\/12\/frais-dinscription-au-cefa\/\" class=\"readon\"><span>Voir la page<\/span><\/a>\n\t\t\t\t\t<\/div>\n\t<\/div>\n<\/li>\n\t<\/ul>\n\t<div class=\"sprocket-strips-s-nav\">\n\t\t<div class=\"sprocket-strips-s-pagination-hidden\">\n\t\t\t<ul>\n\t\t\t\t\t\t\t\t\t    \t<li class=\"active\" data-strips-page=\"1\"><span>1<\/span><\/li>\n\t\t\t\t\t\t<\/ul>\n\t\t<\/div>\n\t\t\t<\/div>\n<\/div>\n<\/div>\n<p><center><video controls=\"controls\" width=\"482\" height=\"482\"><source src=\"https:\/\/cefanamur.be\/site\/wp-content\/uploads\/2026\/03\/CEFA-export-3.mov\" \/><\/video><\/center><\/p>\n<h2 class=\"leonardo\" align=\"center\">Tu souhaites entrer dans la vie active<br \/>\ntout en poursuivant ta scolarit\u00e9?<\/h2>\n<h3 class=\"leonardo Style3\" align=\"center\">EMPLOI \u2026 FORMATION<\/h3>\n<h3 class=\"leonardo\" align=\"center\">L\u2019alternance fait la diff\u00e9rence !<\/h3>\n<table id=\"tablepress-2\" class=\"tablepress tablepress-id-1\">\n<tbody class=\"row-hover\">\n<tr class=\"row-2 even\">\n<td class=\"column-1\" style=\"text-align: center;\" colspan=\"2\"><a href=\"https:\/\/cefanamur.be\/site\/index.php\/2019\/06\/17\/procedure-dinscription-au-cefa\/\">Cliquer ici pour lire la proc\u00e9dure d\u2019inscription au CEFA<\/a><\/td>\n<\/tr>\n<tr>\n<td style=\"text-align: center;\" colspan=\"2\"><span style=\"color: #ff0000;\"><span style=\"color: #000000;\">PERMANENCES INSCRIPTION A L&rsquo;ITN (horaires sur\u00a0 \u00a0<span style=\"color: #3366ff;\">https:\/\/www.asty-moulin.be\/<span style=\"color: #000000;\"> )<\/span>\u00a0<\/span><\/span><\/span><\/td>\n<\/tr>\n<tr class=\"row-2 even\">\n<td class=\"column-1\" style=\"text-align: center;\" colspan=\"2\"><\/td>\n<\/tr>\n<tr class=\"row-2 even\">\n<td class=\"column-1\">Pour nous contacter :<\/td>\n<td class=\"column-2\"><\/td>\n<\/tr>\n<tr class=\"row-3 odd\">\n<td class=\"column-1\"><span style=\"font-size: 10pt;\">CEFA Namur<br \/>\n<\/span><span style=\"font-size: 10pt;\">rue Asty-Moulin, 19<br \/>\n<\/span><span style=\"font-size: 10pt;\">5000 Namur<\/span><\/td>\n<td class=\"column-2\"><span style=\"font-size: 10pt;\">TEL : 081 \/ 39.90.79<\/span><\/p>\n<p><span style=\"font-size: 10pt;\">\u00a0GSM (Educateur) : 0475\/ 20.15.66<br \/>\n<\/span><\/td>\n<\/tr>\n<\/tbody>\n<\/table>\n<table style=\"border-collapse: collapse; width: 100%;\">\n<tbody>\n<tr>\n<td style=\"width: 50%;\">par mail :<\/p>\n<p>\n<div class=\"wpcf7 no-js\" id=\"wpcf7-f146-o1\" lang=\"fr-FR\" dir=\"ltr\">\n<div class=\"screen-reader-response\"><p role=\"status\" aria-live=\"polite\" aria-atomic=\"true\"><\/p> <ul><\/ul><\/div>\n<form action=\"\/site\/index.php\/wp-json\/wp\/v2\/pages\/147#wpcf7-f146-o1\" method=\"post\" class=\"wpcf7-form init\" aria-label=\"Formulaire de contact\" novalidate=\"novalidate\" data-status=\"init\">\n<div style=\"display: none;\">\n<input type=\"hidden\" name=\"_wpcf7\" value=\"146\" \/>\n<input type=\"hidden\" name=\"_wpcf7_version\" value=\"5.8\" \/>\n<input type=\"hidden\" name=\"_wpcf7_locale\" value=\"fr_FR\" \/>\n<input type=\"hidden\" name=\"_wpcf7_unit_tag\" value=\"wpcf7-f146-o1\" \/>\n<input type=\"hidden\" name=\"_wpcf7_container_post\" value=\"0\" \/>\n<input type=\"hidden\" name=\"_wpcf7_posted_data_hash\" value=\"\" \/>\n<input type=\"hidden\" name=\"_wpcf7_recaptcha_response\" value=\"\" \/>\n<\/div>\n<p><label> Votre nom (obligatoire)<br \/>\n<span class=\"wpcf7-form-control-wrap\" data-name=\"your-name\"><input size=\"40\" class=\"wpcf7-form-control wpcf7-text wpcf7-validates-as-required\" aria-required=\"true\" aria-invalid=\"false\" value=\"\" type=\"text\" name=\"your-name\" \/><\/span> <\/label>\n<\/p>\n<p><label> Votre e-mail (obligatoire)<br \/>\n<span class=\"wpcf7-form-control-wrap\" data-name=\"your-email\"><input size=\"40\" class=\"wpcf7-form-control wpcf7-email wpcf7-validates-as-required wpcf7-text wpcf7-validates-as-email\" aria-required=\"true\" aria-invalid=\"false\" value=\"\" type=\"email\" name=\"your-email\" \/><\/span> <\/label>\n<\/p>\n<p><label> Sujet<br \/>\n<span class=\"wpcf7-form-control-wrap\" data-name=\"your-subject\"><input size=\"40\" class=\"wpcf7-form-control wpcf7-text\" aria-invalid=\"false\" value=\"\" type=\"text\" name=\"your-subject\" \/><\/span> <\/label>\n<\/p>\n<p><label> Votre message<br \/>\n<span class=\"wpcf7-form-control-wrap\" data-name=\"your-message\"><textarea cols=\"40\" rows=\"10\" class=\"wpcf7-form-control wpcf7-textarea\" aria-invalid=\"false\" name=\"your-message\"><\/textarea><\/span> <\/label>\n<\/p>\n\n<p><input class=\"wpcf7-form-control wpcf7-submit has-spinner\" type=\"submit\" value=\"Envoyer\" \/>\n<\/p><div class=\"wpcf7-response-output\" aria-hidden=\"true\"><\/div>\n<\/form>\n<\/div>\n<\/td>\n<\/tr>\n<\/tbody>\n<\/table>\n<div id=\"ConnectiveDocSignExtentionInstalled\" data-extension-version=\"1.0.4\"><\/div>\n","protected":false},"excerpt":{"rendered":"<p>Centre d\u2019Education et de Formation en Alternance de Namur Tu souhaites entrer dans la vie active tout en poursuivant ta scolarit\u00e9? EMPLOI \u2026 FORMATION L\u2019alternance<\/p>\n","protected":false},"author":1,"featured_media":0,"parent":0,"menu_order":0,"comment_status":"closed","ping_status":"closed","template":"","meta":{"footnotes":""},"acf":[],"publishpress_future_action":{"enabled":false,"date":"1970-01-01 01:00:00","action":"","terms":[],"taxonomy":"","browser_timezone_offset":0},"_links":{"self":[{"href":"https:\/\/cefanamur.be\/site\/index.php\/wp-json\/wp\/v2\/pages\/147"}],"collection":[{"href":"https:\/\/cefanamur.be\/site\/index.php\/wp-json\/wp\/v2\/pages"}],"about":[{"href":"https:\/\/cefanamur.be\/site\/index.php\/wp-json\/wp\/v2\/types\/page"}],"author":[{"embeddable":true,"href":"https:\/\/cefanamur.be\/site\/index.php\/wp-json\/wp\/v2\/users\/1"}],"replies":[{"embeddable":true,"href":"https:\/\/cefanamur.be\/site\/index.php\/wp-json\/wp\/v2\/comments?post=147"}],"version-history":[{"count":82,"href":"https:\/\/cefanamur.be\/site\/index.php\/wp-json\/wp\/v2\/pages\/147\/revisions"}],"predecessor-version":[{"id":1511,"href":"https:\/\/cefanamur.be\/site\/index.php\/wp-json\/wp\/v2\/pages\/147\/revisions\/1511"}],"wp:attachment":[{"href":"https:\/\/cefanamur.be\/site\/index.php\/wp-json\/wp\/v2\/media?parent=147"}],"curies":[{"name":"wp","href":"https:\/\/api.w.org\/{rel}","templated":true}]}}